{"id":137621,"date":"2024-07-02T09:24:57","date_gmt":"2024-07-02T07:24:57","guid":{"rendered":"https:\/\/www.bontempi.it\/designer\/lorenzo-remedi-r-d-bontempi-casa\/"},"modified":"2024-07-05T16:00:04","modified_gmt":"2024-07-05T14:00:04","slug":"lorenzo-remedi-r-d-bontempi-casa","status":"publish","type":"designer","link":"https:\/\/www.bontempi.it\/fr\/designer\/lorenzo-remedi\/","title":{"rendered":"Lorenzo Remedi"},"content":{"rendered":"<p class=\"p1\">Lorenzo Remedi, n\u00e9 \u00e0 Pesaro en 1975, a travaill\u00e9 d\u00e8s son plus jeune \u00e2ge dans l&rsquo;industrie du meuble, acqu\u00e9rant des connaissances dans toutes les phases du d\u00e9veloppement de produits.<\/p>\n<p class=\"p1\">Fascin\u00e9 par le dessin et la planification, il est dipl\u00f4m\u00e9 en architecture \u00e0 l&rsquo;Universit\u00e9 de Florence.<\/p>\n<p class=\"p1\">\u00a0Il a fond\u00e9 le studio \u00ab Tratto 09 Architecture &amp; Design \u00bb con\u00e7u comme une structure flexible et en constante \u00e9volution \u00e0 laquelle participe une \u00e9quipe d&rsquo;architectes et de designers qui comparent et consacrent temps et passion pour garantir une large gamme de services.<\/p>\n<p class=\"p1\">Le studio travaille pour des clients priv\u00e9s et pour d&rsquo;importantes entreprises, tant en Italie qu&rsquo;\u00e0 l&rsquo;\u00e9tranger, dans le domaine de la conception architecturale, du design d&rsquo;int\u00e9rieur et du design de produits.<\/p>\n<p>.<\/p>\n","protected":false},"excerpt":{"rendered":"<p>Lorenzo Remedi, n\u00e9 \u00e0 Pesaro en 1975, a travaill\u00e9 d\u00e8s son plus jeune \u00e2ge dans l&rsquo;industrie du meuble, acqu\u00e9rant des connaissances dans toutes les phases du d\u00e9veloppement de produits. Fascin\u00e9 par le dessin et la planification, il est dipl\u00f4m\u00e9 en architecture \u00e0 l&rsquo;Universit\u00e9 de Florence. \u00a0Il a fond\u00e9 le studio \u00ab Tratto 09 Architecture &amp; [&hellip;]<\/p>\n","protected":false},"featured_media":137617,"template":"","class_list":["post-137621","designer","type-designer","status-publish","has-post-thumbnail","hentry"],"acf":{"gallery":[137615]},"_links":{"self":[{"href":"https:\/\/www.bontempi.it\/fr\/wp-json\/wp\/v2\/designer\/137621","targetHints":{"allow":["GET"]}}],"collection":[{"href":"https:\/\/www.bontempi.it\/fr\/wp-json\/wp\/v2\/designer"}],"about":[{"href":"https:\/\/www.bontempi.it\/fr\/wp-json\/wp\/v2\/types\/designer"}],"acf:attachment":[{"embeddable":true,"href":"https:\/\/www.bontempi.it\/fr\/wp-json\/wp\/v2\/media\/137615"}],"wp:featuredmedia":[{"embeddable":true,"href":"https:\/\/www.bontempi.it\/fr\/wp-json\/wp\/v2\/media\/137617"}],"wp:attachment":[{"href":"https:\/\/www.bontempi.it\/fr\/wp-json\/wp\/v2\/media?parent=137621"}],"curies":[{"name":"wp","href":"https:\/\/api.w.org\/{rel}","templated":true}]}}

<p class="p1">Lorenzo Remedi, né à Pesaro en 1975, a travaillé dès son plus jeune âge dans l&rsquo;industrie du meuble, acquérant des connaissances dans toutes les phases du développement de produits.</p>
<p class="p1">Fasciné par le dessin et la planification, il est diplômé en architecture à l&rsquo;Université de Florence.</p>
<p class="p1"> Il a fondé le studio « Tratto 09 Architecture &amp; Design » conçu comme une structure flexible et en constante évolution à laquelle participe une équipe d&rsquo;architectes et de designers qui comparent et consacrent temps et passion pour garantir une large gamme de services.</p>
<p class="p1">Le studio travaille pour des clients privés et pour d&rsquo;importantes entreprises, tant en Italie qu&rsquo;à l&rsquo;étranger, dans le domaine de la conception architecturale, du design d&rsquo;intérieur et du design de produits.</p>
<p>.</p>

<p>Lorenzo Remedi, né à Pesaro en 1975, a travaillé dès son plus jeune âge dans l&rsquo;industrie du meuble, acquérant des connaissances dans toutes les phases du développement de produits. Fasciné par le dessin et la planification, il est diplômé en architecture à l&rsquo;Université de Florence.  Il a fondé le studio « Tratto 09 Architecture &amp; [&hellip;]</p>
