{"id":125583,"date":"2023-11-22T15:09:57","date_gmt":"2023-11-22T14:09:57","guid":{"rendered":"https:\/\/www.bontempi.it\/designer\/ennio-pasini\/"},"modified":"2023-11-22T15:14:06","modified_gmt":"2023-11-22T14:14:06","slug":"ennio-pasini","status":"publish","type":"designer","link":"https:\/\/www.bontempi.it\/fr\/designer\/ennio-pasini\/","title":{"rendered":"Ennio Pasini"},"content":{"rendered":"<p>Ennio Pasini est n\u00e9 \u00e0 Cesena le 24 f\u00e9vrier 1947, il est dipl\u00f4m\u00e9 du Lyc\u00e9e Artistique de Ravenne en 1968 et obtient son dipl\u00f4me en architecture \u00e0 l&rsquo;IUAV de Venise en 1973.<br \/>\nIl utilise l&rsquo;argent, le verre, le plastique, l&rsquo;acier et divers m\u00e9taux et, au cours de sa carri\u00e8re, il est pass\u00e9 des canap\u00e9s aux couverts, en passant par tout ce qu\u2019il y a entre.<br \/>\nPasini, qui se consacre \u00e9galement en tant qu&rsquo;architecte \u00e0 la construction r\u00e9sidentielle, fait cohabiter profession et passion, art, th\u00e9\u00e2tre, architecture et design.<\/p>\n","protected":false},"excerpt":{"rendered":"<p>Architecture, Design, Grafic design, Interior design, sont ses activit\u00e9s professionnelles.<\/p>\n","protected":false},"featured_media":34648,"template":"","class_list":["post-125583","designer","type-designer","status-publish","has-post-thumbnail","hentry"],"acf":{"gallery":[]},"_links":{"self":[{"href":"https:\/\/www.bontempi.it\/fr\/wp-json\/wp\/v2\/designer\/125583","targetHints":{"allow":["GET"]}}],"collection":[{"href":"https:\/\/www.bontempi.it\/fr\/wp-json\/wp\/v2\/designer"}],"about":[{"href":"https:\/\/www.bontempi.it\/fr\/wp-json\/wp\/v2\/types\/designer"}],"wp:featuredmedia":[{"embeddable":true,"href":"https:\/\/www.bontempi.it\/fr\/wp-json\/wp\/v2\/media\/34648"}],"wp:attachment":[{"href":"https:\/\/www.bontempi.it\/fr\/wp-json\/wp\/v2\/media?parent=125583"}],"curies":[{"name":"wp","href":"https:\/\/api.w.org\/{rel}","templated":true}]}}

<p>Ennio Pasini est né à Cesena le 24 février 1947, il est diplômé du Lycée Artistique de Ravenne en 1968 et obtient son diplôme en architecture à l&rsquo;IUAV de Venise en 1973.<br />
Il utilise l&rsquo;argent, le verre, le plastique, l&rsquo;acier et divers métaux et, au cours de sa carrière, il est passé des canapés aux couverts, en passant par tout ce qu’il y a entre.<br />
Pasini, qui se consacre également en tant qu&rsquo;architecte à la construction résidentielle, fait cohabiter profession et passion, art, théâtre, architecture et design.</p>

<p>Architecture, Design, Grafic design, Interior design, sont ses activités professionnelles.</p>
