{"id":131128,"date":"2023-11-09T09:46:48","date_gmt":"2023-11-09T08:46:48","guid":{"rendered":"https:\/\/www.bontempi.it\/product\/alter-basso-outdoor-01-76out\/"},"modified":"2024-04-30T10:50:32","modified_gmt":"2024-04-30T08:50:32","slug":"alter-basso-outdoor-01-76out","status":"publish","type":"product","link":"https:\/\/www.bontempi.it\/de\/alter-niedrig-outdoor-0176out\/","title":{"rendered":"Alter niedrig outdoor &#8211; 01.76OUT"},"content":{"rendered":"<p>Lackierter Stahlsockel f\u00fcr den Au\u00dfenbereich, der f\u00fcr Verbund- und Alucompact-Platten ausgelegt ist.<\/p>\n","protected":false},"excerpt":{"rendered":"<p>Lackierter Stahlsockel f\u00fcr den Au\u00dfenbereich, der f\u00fcr Verbund- und Alucompact-Platten ausgelegt ist.<\/p>\n","protected":false},"featured_media":0,"template":"","line":[74666],"kind":[70870,71019,71020,71025,71026],"room":[71450,71477,71478],"material":[70001,70010,70014,70201,70203,70205,70207,70210,70212],"color":[60699,77268,77269,77270,77281],"certification":[60803],"class_list":["post-131128","product","type-product","status-publish","hentry","line-alter-basso-outdoor-de","kind-fixed-square","kind-tables-de","kind-fixed-de","kind-fixed-round-de","kind-fixed-square-de","room-contract","room-outdoor-de","room-contract-de","material-m097x-de","material-m028x-de","material-m312x-de","material-ps05-de","material-ps04-de","material-ps02-de","material-ps03-de","material-pf01-de","material-pl01-de","color-beige-de","color-black-de","color-grey-de","color-white-de","color-chocolate-de","certification-outdoor-tavoli-de"],"acf":{"sku":"01.76OUT","line":[74666],"is_accessory":true,"is_configurable":true,"kind":[70870,71019,71020,71026,71025],"rooms":[71477,71478,71450],"seats":"","dimensions":{"diameter":"","x":"47","z":"47","y":"74.5"},"finishing":{"top":[],"structure":{"69985":69985,"69989":69989,"70001":70001,"70010":70010,"70014":70014},"lower_cuff":[],"upper_cuff":[],"matchable_top":{"70201":70201,"70203":70203,"70205":70205,"70207":70207,"70210":70210,"70212":70212},"builtin_revolving_central_top":[],"throat":[],"lampshade":[],"back":[],"sitting":[],"cushions":[],"decorative_inner":[],"decorative_inserts":[],"side":[],"support":[],"front_doors":[],"top_front_doors":[],"seat_structure":[],"top_structure":[],"covering":[],"optional_shelf":[],"mirror":[],"side_panels":[],"centerpiece":[]},"colors":{"top":[],"structure":{"77269":77269,"77270":77270,"77281":77281,"60699":60699},"lower_cuff":[],"upper_cuff":[],"matchable_top":{"77269":77269,"77270":77270,"77268":77268},"builtin_revolving_central_top":[],"throat":[],"lampshade":[],"back":[],"sitting":[],"cushions":[],"decorative_inner":[],"decorative_inserts":[],"side":[],"support":[],"front_doors":[],"top_front_doors":[],"seat_structure":[],"top_structure":[],"covering":[],"optional_shelf":[],"mirror":[],"side_panels":[],"centerpiece":[]},"accessories":"","related":[126223,126799,126800,126919,127146,127147],"gallery":[7328],"product_sheet":"https:\/\/www.bontempi.it\/wp-content\/uploads\/2023\/03\/Alter-01.76-Basso.pdf","attachments":null,"videos":null,"silhouette":36379},"_links":{"self":[{"href":"https:\/\/www.bontempi.it\/de\/wp-json\/wp\/v2\/product\/131128","targetHints":{"allow":["GET"]}}],"collection":[{"href":"https:\/\/www.bontempi.it\/de\/wp-json\/wp\/v2\/product"}],"about":[{"href":"https:\/\/www.bontempi.it\/de\/wp-json\/wp\/v2\/types\/product"}],"acf:attachment":[{"embeddable":true,"href":"https:\/\/www.bontempi.it\/de\/wp-json\/wp\/v2\/media\/7328"}],"acf:post":[{"embeddable":true,"href":"https:\/\/www.bontempi.it\/de\/wp-json\/wp\/v2\/product\/127147"},{"embeddable":true,"href":"https:\/\/www.bontempi.it\/de\/wp-json\/wp\/v2\/product\/127146"},{"embeddable":true,"href":"https:\/\/www.bontempi.it\/de\/wp-json\/wp\/v2\/product\/126919"},{"embeddable":true,"href":"https:\/\/www.bontempi.it\/de\/wp-json\/wp\/v2\/product\/126800"},{"embeddable":true,"href":"https:\/\/www.bontempi.it\/de\/wp-json\/wp\/v2\/product\/126799"},{"embeddable":true,"href":"https:\/\/www.bontempi.it\/de\/wp-json\/wp\/v2\/product\/126223"}],"acf:term":[{"embeddable":true,"taxonomy":"room","href":"https:\/\/www.bontempi.it\/de\/wp-json\/wp\/v2\/room\/71450"},{"embeddable":true,"taxonomy":"room","href":"https:\/\/www.bontempi.it\/de\/wp-json\/wp\/v2\/room\/71478"},{"embeddable":true,"taxonomy":"room","href":"https:\/\/www.bontempi.it\/de\/wp-json\/wp\/v2\/room\/71477"},{"embeddable":true,"taxonomy":"kind","href":"https:\/\/www.bontempi.it\/de\/wp-json\/wp\/v2\/kind\/71025"},{"embeddable":true,"taxonomy":"kind","href":"https:\/\/www.bontempi.it\/de\/wp-json\/wp\/v2\/kind\/71026"},{"embeddable":true,"taxonomy":"kind","href":"https:\/\/www.bontempi.it\/de\/wp-json\/wp\/v2\/kind\/71020"},{"embeddable":true,"taxonomy":"kind","href":"https:\/\/www.bontempi.it\/de\/wp-json\/wp\/v2\/kind\/71019"},{"embeddable":true,"taxonomy":"kind","href":"https:\/\/www.bontempi.it\/de\/wp-json\/wp\/v2\/kind\/70870"},{"embeddable":true,"taxonomy":"line","href":"https:\/\/www.bontempi.it\/de\/wp-json\/wp\/v2\/line\/74666"}],"wp:attachment":[{"href":"https:\/\/www.bontempi.it\/de\/wp-json\/wp\/v2\/media?parent=131128"}],"wp:term":[{"taxonomy":"line","embeddable":true,"href":"https:\/\/www.bontempi.it\/de\/wp-json\/wp\/v2\/line?post=131128"},{"taxonomy":"kind","embeddable":true,"href":"https:\/\/www.bontempi.it\/de\/wp-json\/wp\/v2\/kind?post=131128"},{"taxonomy":"room","embeddable":true,"href":"https:\/\/www.bontempi.it\/de\/wp-json\/wp\/v2\/room?post=131128"},{"taxonomy":"material","embeddable":true,"href":"https:\/\/www.bontempi.it\/de\/wp-json\/wp\/v2\/material?post=131128"},{"taxonomy":"color","embeddable":true,"href":"https:\/\/www.bontempi.it\/de\/wp-json\/wp\/v2\/color?post=131128"},{"taxonomy":"certification","embeddable":true,"href":"https:\/\/www.bontempi.it\/de\/wp-json\/wp\/v2\/certification?post=131128"}],"curies":[{"name":"wp","href":"https:\/\/api.w.org\/{rel}","templated":true}]}}

<p>Lackierter Stahlsockel für den Außenbereich, der für Verbund- und Alucompact-Platten ausgelegt ist.</p>
